be 2/(2 + (-15)/6). Calculate the remainder when d(x) is divided by q.
12
Let u(s) = -4*s**3 - 3*s**2 + s + 12. What is the remainder when u(-3) is divided by 20?
10
Let k = -55 - -60. Suppose k*a - 2 - 3 = 0. Calculate the remainder when 14 is divided by ((-2)/1)/(((-6)/9)/a).
2
Let t(s) = -s**2 + 3*s + 6. Suppose -5*g + 6*f = 2*f - 20, 2*g + 3*f + 15 = 0. What is the remainder when (-3)/12 + 25/4 is divided by t(g)?
0
Let h(p) = 4*p**3 - 7*p**2 + 20*p - 27. Calculate the remainder when h(6) is divided by 37.
2
Suppose -12 = -4*z + 6*z - 4*h, -3*z - 6 = -3*h. Suppose -5*f = -n - 4, -12*n + 9*n + f + 2 = 0. What is the remainder when 47 is divided by (z/(-3))/(n/(-18))?
11
Let y = 7444 - 7248. What is the remainder when y is divided by 165?
31
Let m be 0 + 1/2 - (-195)/2. Suppose 3*l - 10 - m = 0. Calculate the remainder when 142 is divided by l.
34
Let o(w) = 714*w**2 + 18 - 366*w**2 - 365*w**2 + 2*w**3. Let l(q) = -7*q**3 - 2*q**2 - q + 1. What is the remainder when o(9) is divided by l(-2)?
48
Let q = 152 + -122. Let s(z) = -2*z - 5. Let j be s(-5). Suppose -j*r = -4*r - 16. What is the remainder when q is divided by r?
14
Let o = 118 - 113. Let w = -55 - -66. Calculate the remainder when o + (-11 - -3) - -101 is divided by w.
10
Suppose h = 3*c + 231 + 20, 0 = -3*h + 4*c + 768. Calculate the remainder when h is divided by 77.
29
Calculate the remainder when (-1 - (-652)/16)/((-6)/(-16)) is divided by (1 + 5)/(-2) + 5 + 14.
10
Suppose 0 = 4*k - 3*p - 926, -4*k = 16*p - 18*p - 928. Let s = k + -143. What is the remainder when s is divided by 44?
2
Let r = 42 - -98. Let n = -82 + r. Let f = -19 - -50. Calculate the remainder when n is divided by f.
27
Let u be (2 - 1)/((-6)/(-12)). Let o(l) = -2*l**3 + 56*l**2 + 2*l - 31. What is the remainder when u/5 + 1428/30 is divided by o(28)?
23
Let c = 46 - 44. Suppose -5*h + c*h + 6 = 0. Suppose 5*b + w - 10 = 0, 5*b + h*w - 1 = 4. Calculate the remainder when b is divided by 3.
0
Suppose 2*o - 15 = -3*j, 0 = 2*j - 3*o - 8 - 2. Suppose -j*b = -0*b - 310. Calculate the remainder when b is divided by 18 + 1 + -1*(-1 + 12 - 8).
14
Let g = 81 + -138. Let s = 67 + g. Calculate the remainder when 105 is divided by s.
5
Let z = 405 - 191. Suppose w + z = 599. Suppose -1176 = -7*v - w. Calculate the remainder when v is divided by 29.
26
Let y(i) = i**3 + 41*i**2 + 30*i - 393. What is the remainder when 438 is divided by y(-40)?
4
Suppose 100*w = 3536 + 1564. Calculate the remainder when w is divided by 2.
1
Suppose 2*f - 454 = 4*w - 0*w, -w = 4*f - 845. What is the remainder when 448 is divided by f?
22
Suppose n + 1035 = 6*n. Calculate the remainder when n is divided by 54 + (-506)/22 + 6 + -7.
27
Let a be (26 - 22) + (0 - -1). Suppose a*p - 380 = 2*k, 2*p - k + 4 = 155. Calculate the remainder when p is divided by 16.
14
Let c = 513 - 419. Suppose 10*p - 2024 = -c. Calculate the remainder when p is divided by 67.
59
Suppose 3*s = -15*s - 5274. Let t = -228 - s. Calculate the remainder when t is divided by 22.
21
Let m(g) = 13*g + 6 - 9*g + 10*g - 21 - g**2. Suppose 14*x - 49 - 167 + 34 = 0. Calculate the remainder when m(10) is divided by x.
12
Suppose 57*r = 73*r - 1616. Suppose -g + 27 = -5*z, -2 = 5*z + 8. What is the remainder when r is divided by g?
16
Suppose -5*q = 10, 0*q + 134 = 4*s + 5*q. Suppose 0 = 10*w - 6*w + s. Let v = w + 100. What is the remainder when v is divided by 48?
43
Let t = -105 + 98. What is the remainder when (t/(98/(-36)))/(24/1008) is divided by 14?
10
What is the remainder when 292 is divided by (3/(-18) - (-2)/4)/((-1)/(-69))?
16
Let z(h) = -9*h - h**3 + 10*h**2 - 2 - 7 - 17*h**2. Suppose -5*c = -2*t - 7, 0*t + 3*t + 4*c = 47. What is the remainder when t is divided by z(-6)?
0
Suppose -2*g + 1016 = 2*l, 4*l - 2132 + 76 = 2*g. Calculate the remainder when 0 - -92 - (-2 - -1) is divided by (-1 + 3/(-6))/((-24)/l).
29
Suppose -2*l - 432 = -5*w, 77*w - 5*l - 435 = 72*w. What is the remainder when 1888 is divided by w?
82
Suppose -4*v + 15 = 2*x - 53, 5*v - 46 = -x. Let l = -73 - -71. Calculate the remainder when x is divided by l*2/14 + (-107)/(-7).
11
Let n(x) = 2*x**3 + 28*x**2 + 14*x + 59. Calculate the remainder when n(-13) is divided by 137.
78
Suppose 49 = t + 5*f, -t + 300*f + 44 = 304*f. What is the remainder when 1847 is divided by t?
23
Let r be (678/4)/(18/24). Let i be (0 - 2) + -1 + 0/1. What is the remainder when (r/i)/(4/(-6)) is divided by 23?
21
Let o(t) = t**3 + 23*t**2 + 8*t + 65. Calculate the remainder when o(-20) is divided by 30.
25
Suppose -f = -3*j - 19, -f + 34 = -4*j + 11. Let x be (f - 4)*(-240)/(-9). Suppose x*z + 125 = 81*z. Calculate the remainder when z is divided by 32.
29
Suppose -4*w - 52 = -4*i + 244, i - 77 = 4*w. Let h = 490 + -204. Calculate the remainder when h is divided by i.
67
Suppose 6006 = -39*w - 16*w + 106876. Calculate the remainder when w is divided by 44.
30
Let t(v) = 15*v**2 - v - 1. What is the remainder when -19 + (-2959)/(-55) - 1/(-5) is divided by t(-1)?
5
Let f(i) = i**2 + 3*i + 30. Let k be f(-20). Let u = k + -352. What is the remainder when 105 is divided by u?
15
Let a(b) = -15*b**3 + 59*b**2 + 10*b - 13. Let s(t) = -47*t + 1. Calculate the remainder when a(3) is divided by s(-1).
47
Let l(a) = a + 21. Suppose 0 = -2*m - 5*n - 5, -2*n = -2*m + n + 3. Let u be l(m). Let y = 24 - u. Calculate the remainder when 10 is divided by y.
1
Let v = -113 + 141. What is the remainder when v is divided by (35/10 + -3)/((-2)/(-60))?
13
Suppose -5*r + 5873 = y, -3764 = -2*r - 4*y - 1404. What is the remainder when r is divided by 38?
34
Let k(x) = -74*x**3 + x**2 - 2*x - 2. Let a be k(-1). Let l = a + -69. Suppose 158 = l*w - 430. What is the remainder when w is divided by 34?
30
Suppose 399 + 198 = 3*y. Let v = 238386 - 238318. Calculate the remainder when y is divided by v.
63
Let x(b) = -2*b**2 + 46*b + 5. Let s(f) = f**2 - 6. Let a be s(-6). Suppose a = 2*d - 4. What is the remainder when d is divided by x(23)?
2
Let p = -5 + 5. Suppose 83*z + 532 = 2607. Calculate the remainder when 2 + (-2 - p) - -97 is divided by z.
22
Let b(p) = 4*p - 28. Let r(n) = -23*n + 26 + 13*n + 9*n. Let x be r(16). Calculate the remainder when 21 is divided by b(x).
9
Suppose 3*u + 15*p = 19*p + 252, 0 = 3*u - p - 261. What is the remainder when 611 is divided by u?
83
What is the remainder when (-433 + 5)/(4/(-9)) - 5 is divided by 7?
6
Let r be (-3 - 0 - 1) + -65. Let v = 36 + r. Calculate the remainder when 178 is divided by (7 + -8)*(v - -3).
28
Suppose 4*j - 3*n = n + 72, n = 3*j - 50. Suppose 5*z = -203 + 103. Calculate the remainder when 2/2*(-620)/z is divided by j.
15
Suppose 4*i = i + 15. Suppose -i*p - 3 = -6*p. What is the remainder when 3/(-2) + p/((-12)/(-386)) is divided by 25?
20
Let g = 148 - 143. Suppose 15 = g*h, 47 = 6*z - 4*z - 3*h. What is the remainder when 109 is divided by z?
25
Suppose -27*o + 1660 = -932. Calculate the remainder when o is divided by 13.
5
Suppose 780 = -53*p + 14654 + 3510. What is the remainder when p is divided by 21?
13
Suppose -2*y = -2 - 0, -5*y + 11 = 3*g. Let c be g/(-18) + 280/(-72). What is the remainder when 122 is divided by (10/15)/(c/(-150))*1?
22
Suppose 2*n + 8 = -6*n. Let k be 66/110 - n/(5/7). Suppose k*t + 0*y + 2*y = 62, -2*y = 10. Calculate the remainder when 142 is divided by t.
34
Let p(j) = j**2 + 9*j - 31. Let a be p(-14). Suppose 0 = -v + 5*l - 3 + a, -3*l = -2*v + 51. Calculate the remainder when v is divided by (8/12)/((-1)/(-18)).
9
Suppose 0 = 4*g - 16, 0*g + 733 = -3*m + g. Let c = 366 + m. Calculate the remainder when c is divided by 21.
18
Let j(u) be the second derivative of u**5/20 + u**3 - 35*u**2/2 - 96*u. What is the remainder when 87 is divided by j(3)?
7
Let w = -415589 + 415608. Let y(t) = 46*t + 1. What is the remainder when y(1) is divided by w?
9
Let w = 141 + -141. Suppose -l - 92 + 170 = w. Calculate the remainder when l is divided by 21.
15
Suppose 3*d - 110 = 2*f + 50, -15 = 3*f. Let p(j) = 2*j**2 + 13*j - 9. Let z be p(-7). Let k = d - z. Calculate the remainder when k is divided by 20.
12
Let c = -56 - -94. Let a = 705 - 472. Suppose 8*o = 1425 - a. Calculate the remainder when o is divided by c.
35
Let u(d) = d**2 - 9*d - 64. What is the remainder whe